{"version":"1.0","provider_name":"GR\u00dcNSTATTGRAU","provider_url":"https:\/\/gruenstattgrau.at\/en\/","title":"Bauder Dachsymposium Innsbruck - Fachwissen rund ums Dach - GR\u00dcNSTATTGRAU","type":"rich","width":600,"height":338,"html":"<blockquote class=\"wp-embedded-content\" data-secret=\"XNMZt8JIdv\"><a href=\"https:\/\/gruenstattgrau.at\/en\/veranstaltung\/bauder-dachsymposium-innsbruck-fachwissen-rund-ums-dach\/\">Bauder Dachsymposium Innsbruck &#8211; Fachwissen rund ums Dach<\/a><\/blockquote><iframe sandbox=\"allow-scripts\" security=\"restricted\" src=\"https:\/\/gruenstattgrau.at\/en\/veranstaltung\/bauder-dachsymposium-innsbruck-fachwissen-rund-ums-dach\/embed\/#?secret=XNMZt8JIdv\" width=\"600\" height=\"338\" title=\"&#8220;Bauder Dachsymposium Innsbruck &#8211; Fachwissen rund ums Dach&#8221; &#8212; GR\u00dcNSTATTGRAU\" data-secret=\"XNMZt8JIdv\" frameborder=\"0\" marginwidth=\"0\" marginheight=\"0\" scrolling=\"no\" class=\"wp-embedded-content\"><\/iframe><script>\n\/*! This file is auto-generated *\/\n!function(d,l){\"use strict\";l.querySelector&&d.addEventListener&&\"undefined\"!=typeof URL&&(d.wp=d.wp||{},d.wp.receiveEmbedMessage||(d.wp.receiveEmbedMessage=function(e){var t=e.data;if((t||t.secret||t.message||t.value)&&!\/[^a-zA-Z0-9]\/.test(t.secret)){for(var s,r,n,a=l.querySelectorAll('iframe[data-secret=\"'+t.secret+'\"]'),o=l.querySelectorAll('blockquote[data-secret=\"'+t.secret+'\"]'),c=new RegExp(\"^https?:$\",\"i\"),i=0;i<o.length;i++)o[i].style.display=\"none\";for(i=0;i<a.length;i++)s=a[i],e.source===s.contentWindow&&(s.removeAttribute(\"style\"),\"height\"===t.message?(1e3<(r=parseInt(t.value,10))?r=1e3:~~r<200&&(r=200),s.height=r):\"link\"===t.message&&(r=new URL(s.getAttribute(\"src\")),n=new URL(t.value),c.test(n.protocol))&&n.host===r.host&&l.activeElement===s&&(d.top.location.href=t.value))}},d.addEventListener(\"message\",d.wp.receiveEmbedMessage,!1),l.addEventListener(\"DOMContentLoaded\",function(){for(var e,t,s=l.querySelectorAll(\"iframe.wp-embedded-content\"),r=0;r<s.length;r++)(t=(e=s[r]).getAttribute(\"data-secret\"))||(t=Math.random().toString(36).substring(2,12),e.src+=\"#?secret=\"+t,e.setAttribute(\"data-secret\",t)),e.contentWindow.postMessage({message:\"ready\",secret:t},\"*\")},!1)))}(window,document);\n\/\/# sourceURL=https:\/\/gruenstattgrau.at\/wp-includes\/js\/wp-embed.min.js\n<\/script>\n","thumbnail_url":"https:\/\/gruenstattgrau.at\/wp-content\/uploads\/2023\/05\/Bauder_2022_05_25_Feuerwache_Karlsruhe_0088-1024x682.jpg","thumbnail_width":1024,"thumbnail_height":682,"description":"[vc_row][vc_column][vc_column_text css=&#8221;&#8221;]Das Dach spielt heute eine Schl\u00fcsselrolle f\u00fcr nachhaltiges Bauen: Es ist nicht nur gestalterisches Element, sondern tr\u00e4gt ma\u00dfgeblich zur\u00a0Energieeinsparung, CO\u2082-Reduktion und Klimaanpassung\u00a0bei. Ob\u00a0Flachdach, Industriedach oder Gr\u00fcndach\u00a0\u2013 nur dauerhaft sichere Konstruktionen bieten langfristigen Schutz und Effizienz. Gemeinsam mit SITA Bauelemente GmbH l\u00e4dt Bauder Architekten, Planer und Fachleute zum Bauder Dachsymposium nach Innsbruck\u00a0ein. Im Mittelpunkt stehen..."}

GRÜNSTATTGRAU

Bauder Dachsymposium Innsbruck - Fachwissen rund ums Dach - GRÜNSTATTGRAU

<blockquote class="wp-embedded-content" data-secret="XNMZt8JIdv"><a href="https://gruenstattgrau.at/en/veranstaltung/bauder-dachsymposium-innsbruck-fachwissen-rund-ums-dach/">Bauder Dachsymposium Innsbruck &#8211; Fachwissen rund ums Dach</a></blockquote><iframe sandbox="allow-scripts" security="restricted" src="https://gruenstattgrau.at/en/veranstaltung/bauder-dachsymposium-innsbruck-fachwissen-rund-ums-dach/embed/#?secret=XNMZt8JIdv" width="600" height="338" title="&#8220;Bauder Dachsymposium Innsbruck &#8211; Fachwissen rund ums Dach&#8221; &#8212; GRÜNSTATTGRAU" data-secret="XNMZt8JIdv" frameborder="0" marginwidth="0" marginheight="0" scrolling="no" class="wp-embedded-content"></iframe><script>
/*! This file is auto-generated */
!function(d,l){"use strict";l.querySelector&&d.addEventListener&&"undefined"!=typeof URL&&(d.wp=d.wp||{},d.wp.receiveEmbedMessage||(d.wp.receiveEmbedMessage=function(e){var t=e.data;if((t||t.secret||t.message||t.value)&&!/[^a-zA-Z0-9]/.test(t.secret)){for(var s,r,n,a=l.querySelectorAll('iframe[data-secret="'+t.secret+'"]'),o=l.querySelectorAll('blockquote[data-secret="'+t.secret+'"]'),c=new RegExp("^https?:$","i"),i=0;i<o.length;i++)o[i].style.display="none";for(i=0;i<a.length;i++)s=a[i],e.source===s.contentWindow&&(s.removeAttribute("style"),"height"===t.message?(1e3<(r=parseInt(t.value,10))?r=1e3:~~r<200&&(r=200),s.height=r):"link"===t.message&&(r=new URL(s.getAttribute("src")),n=new URL(t.value),c.test(n.protocol))&&n.host===r.host&&l.activeElement===s&&(d.top.location.href=t.value))}},d.addEventListener("message",d.wp.receiveEmbedMessage,!1),l.addEventListener("DOMContentLoaded",function(){for(var e,t,s=l.querySelectorAll("iframe.wp-embedded-content"),r=0;r<s.length;r++)(t=(e=s[r]).getAttribute("data-secret"))||(t=Math.random().toString(36).substring(2,12),e.src+="#?secret="+t,e.setAttribute("data-secret",t)),e.contentWindow.postMessage({message:"ready",secret:t},"*")},!1)))}(window,document);
//# sourceURL=https://gruenstattgrau.at/wp-includes/js/wp-embed.min.js
</script>

[vc_row][vc_column][vc_column_text css=&#8221;&#8221;]Das Dach spielt heute eine Schlüsselrolle für nachhaltiges Bauen: Es ist nicht nur gestalterisches Element, sondern trägt maßgeblich zur Energieeinsparung, CO₂-Reduktion und Klimaanpassung bei. Ob Flachdach, Industriedach oder Gründach – nur dauerhaft sichere Konstruktionen bieten langfristigen Schutz und Effizienz. Gemeinsam mit SITA Bauelemente GmbH lädt Bauder Architekten, Planer und Fachleute zum Bauder Dachsymposium nach Innsbruck ein. Im Mittelpunkt stehen...
